3, 6577
What are the prime factors of 153490745?
5, 151, 263, 773
What are the prime factors of 47397236?
2, 11849309
List the prime factors of 828624605.
5, 165724921
What are the prime factors of 51002605?
5, 10200521
What are the prime factors of 264624971?
13, 29, 59, 11897
List the prime factors of 113385073.
31, 53, 69011
List the prime factors of 131098831.
131098831
What are the prime factors of 10764728?
2, 13, 89, 1163
What are the prime factors of 3113265830?
2, 5, 31, 1087, 9239
What are the prime factors of 2443104240?
2, 3, 5, 409, 24889
What are the prime factors of 4459252?
2, 7, 67, 2377
List the prime factors of 243948134.
2, 121974067
What are the prime factors of 2048898054?
2, 3, 7, 467, 14923
What are the prime factors of 104219527?
7243, 14389
What are the prime factors of 548039626?
2, 503, 544771
List the prime factors of 311046779.
23, 29, 79, 5903
List the prime factors of 3605845189.
941, 3831929
What are the prime factors of 58944404?
2, 37, 398273
List the prime factors of 155959326.
2, 3, 17, 31, 41, 401
What are the prime factors of 584305502?
2, 11, 26559341
List the prime factors of 478375335.
3, 5, 1487, 2383
What are the prime factors of 320806400?
2, 5, 71, 353
What are the prime factors of 307494075?
3, 5, 7, 43, 53, 257
What are the prime factors of 52743934?
2, 1063, 24809
List the prime factors of 94081335.
3, 5, 359, 17471
What are the prime factors of 332463815?
5, 17, 3911339
What are the prime factors of 8598093031?
11, 163, 4795367
What are the prime factors of 40654548?
2, 3, 11, 17, 61
List the prime factors of 1073098201.
7, 31, 4945153
List the prime factors of 90536611.
11, 17, 484153
List the prime factors of 3484021845.
3, 5, 232268123
What are the prime factors of 64506104?
2, 13, 620251
List the prime factors of 139019702.
2, 47, 1478933
What are the prime factors of 117528909?
3, 29, 37, 1259
What are the prime factors of 434798267?
307, 373, 3797
What are the prime factors of 324427185?
3, 5, 19, 613, 619
What are the prime factors of 2743407228?
2, 3, 228617269
What are the prime factors of 90709539?
3, 23, 811, 1621
What are the prime factors of 114840875?
5, 83, 11069
What are the prime factors of 1081397659?
17, 63611627
What are the prime factors of 112252790?
2, 5, 13, 43, 467
What are the prime factors of 507562107?
3, 13, 13014413
List the prime factors of 37004094.
2, 3, 131, 5231
List the prime factors of 30829854.
2, 3, 11, 467119
List the prime factors of 2636669160.
2, 3, 5, 7324081
What are the prime factors of 63494913?
3, 31, 461, 1481
What are the prime factors of 4881947322?
2, 3, 7, 16605263
List the prime factors of 49261904.
2, 1721, 1789
What are the prime factors of 2991125596?
2, 53, 59, 239137
List the prime factors of 527652833.
73, 7228121
List the prime factors of 218028200.
2, 5, 13, 83857
What are the prime factors of 249906493?
249906493
List the prime factors of 271582453.
43, 6315871
What are the prime factors of 164024424?
2, 3, 2278117
List the prime factors of 428682623.
1567, 273569
List the prime factors of 83494680.
2, 3, 5, 83, 101
List the prime factors of 22491891.
3, 833033
What are the prime factors of 41012939?
11, 1439, 2591
List the prime factors of 260073488.
2, 16254593
What are the prime factors of 385411347?
3, 42823483
What are the prime factors of 1349814781?
7, 449, 429467
What are the prime factors of 110053959?
3, 1951, 18803
List the prime factors of 2934593249.
7, 1277, 328291
What are the prime factors of 315074120?
2, 5, 79, 99707
List the prime factors of 34780174.
2, 11, 13, 121609
List the prime factors of 23378105.
5, 419, 11159
What are the prime factors of 78459074?
2, 47, 834671
List the prime factors of 1571835.
3, 5, 104789
List the prime factors of 4144110826.
2, 2072055413
List the prime factors of 73657683.
3, 11, 61, 12197
What are the prime factors of 20284749?
3, 223, 1123
List the prime factors of 814406376.
2, 3, 7, 4847657
List the prime factors of 59677614.
2, 3, 1105141
List the prime factors of 483550319.
7, 349, 197933
What are the prime factors of 438858359?
438858359
List the prime factors of 1269658147.
19, 5653, 11821
List the prime factors of 1234240578.
2, 3, 7618769
What are the prime factors of 757540677?
3, 71, 89, 449
List the prime factors of 1794346411.
11, 13, 3331, 3767
What are the prime factors of 211296975?
3, 5, 23, 347, 353
List the prime factors of 32610425.
5, 127, 10271
What are the prime factors of 382839854?
2, 19, 10074733
What are the prime factors of 150514863?
3, 241, 409, 509
What are the prime factors of 642421925?
5, 17, 197, 7673
What are the prime factors of 6044410563?
3, 2549, 790429
List the prime factors of 6060420875.
5, 47, 1031561
What are the prime factors of 27828303?
3, 17, 79, 6907
List the prime factors of 5486900965.
5, 7, 13, 12059123
What are the prime factors of 1844667973?
1844667973
What are the prime factors of 103715985?
3, 5, 1723, 4013
List the prime factors of 426727415.
5, 367, 232549
What are the prime factors of 228315017?
7, 1229, 26539
What are the prime factors of 499648911?
3, 2467, 67511
List the prime factors of 339675857.
41, 71, 116687
What are the prime factors of 8566857?
3, 13, 24407
What are the prime factors of 169172160?
2, 3, 5, 176221
List the prime factors of 294798067.
43, 6855769
What are the prime factors of 5733756338?
2, 2866878169
What are the prime factors of 37555510?
2, 5, 67, 56053
What are the prime factors of 16016157?
3, 281, 2111
List the prime factors of 38166931.
11, 3469721
What are the prime factors of 299625984?
2, 3, 7, 1327
List the prime factors of 1290412048.
2, 1201, 67153
List the prime factors of 39002731.
39002731
What are the prime factors of 77686664?
2, 11, 227, 3889
List the prime factors of 43996727.
3907, 11261
List the prime factors of 114234262.
2, 1867, 30593
List the prime factors of 229296652.
2, 13, 4409551
What are the prime factors of 71998222?
2, 3109, 11579
What are the prime factors of 583246176?
2, 3, 2131, 2851
What are the prime factors of 2699591494?
2, 3299, 409153
List the prime factors of 1153737864.
2, 3, 5341379
What are the prime factors of 277720110?
2, 3, 5, 263, 3911
List the prime factors of 231626018.
2, 13, 8908693
What are the prime factors of 1401013952?
2, 13, 41, 67, 613
List the prime factors of 55568990.
2, 5, 983, 5653
What are the prime factors of 35992214?
2, 1187, 15161
What are the prime factors of 5593856978?
2, 71, 3299, 11941
What are the prime factors of 46159477?
7, 13, 39019
List the prime factors of 393433119.
3, 4857199
What are the prime factors of 867676032?
2, 3, 753191
List the prime factors of 2480896751.
17, 73, 1999111
List the prime factors of 52490574.
2, 3, 2916143
What are the prime factors of 1703487160?
2, 5, 4663, 9133
List the prime factors of 81692887.
81692887
List the prime factors of 583546418.
2, 7, 13, 31, 293, 353
List the prime factors of 54337723.
11, 2179, 2267
List the prime factors of 492034043.
17, 83, 107, 3259
List the prime factors of 210326035.
5, 2557, 16451
List the prime factors of 109874110.
2, 5, 10987411
List the prime factors of 181393364.
2, 23, 1971667
List the prime factors of 23382381.
3, 11, 29, 53, 461
List the prime factors of 197963235.
3, 5, 641, 6863
What are the prime factors of 15405857?
727, 21191
What are the prime factors of 3098854?
2, 11, 79, 1783
What are the prime factors of 197732791?
19, 41, 43, 5903
What are the prime factors of 510021256?
2, 19, 3355403
List the prime factors of 1563123310.
2, 5, 7, 17, 151, 8699
List the prime factors of 15170444.
2, 37, 102503
List the prime factors of 1202405293.
23, 563, 92857
List the prime factors of 3019117800.
2, 3, 5, 5031863
What are the prime factors of 151659734?
2, 29, 2614823
What are the prime factors of 5809018208?
2, 7, 3704731
List the prime factors of 1079799575.
5, 41, 73, 14431
List the prime factors of 206885480.
2, 5, 71, 97, 751
What are the prime factors of 129263085?
3, 5, 7, 410359
List the prime factors of 335666653.
7, 2411, 19889
What are the prime factors of 2872328937?
3, 957442979
List the prime factors of 235194962.
2, 117597481
List the prime factors of 2244077746.
2, 4621, 242813
List the prime factors of 366598864.
2, 6